
60
Evaluate 18 + (-17 - 76) - -33.
-42
Evaluate 220 + -192 - (-1 - -49) - 26.
-46
What is the value of (353 - 375) + (20 - -3) + 25?
26
What is (-237 - -219) + 9 + -2 + 15?
4
Calculate -13 + 24 + -9 - (1 - -12) - 12.
-23
Evaluate (-15 - 2 - 0) + (-35 - -84) + -89.
-57
What is the value of 3 - (9 + -2) - (-174 - -168) - 6?
-4
Calculate (44 + -24 - (2 + 7)) + -11 - (-23 + 12).
11
-85 + 38 + -34 + 1 + 36
-44
What is -10 + -41 + 9 - (148 - 152)?
-38
Calculate -1 - ((-7 - -51) + -18).
-27
What is the value of (-12 - (-28 - 4)) + -13?
7
Evaluate (-7 - -5 - 26) + 18 + -7 - 9.
-26
Calculate -35 - ((-17 - -42) + -23).
-37
Evaluate -11 - 1 - 1 - (-9 - ((55 - 35) + -42)).
-26
Calculate 31 + -36 - (-10 - -9 - ((-4 - 85) + -1)).
-94
-4 + (8 - -5 - 5) + -13 + 2 - -34
27
Calculate -6 + -1 + 22 + -14 - -6 - 23.
-16
Calculate 118 - -1 - (-50 + 5 + 22 + -12 + 25).
129
(-142 - -204) + -55 - (80 + 2 + -1)
-74
What is 15 + (-14 - (-8 + 9)) - (2 + -18)?
16
1 - -24 - ((-4 - -4 - -2) + 90 + -83)
16
What is 41 + (-12 - -15) + -39?
5
-4 - (-61 - (12 + -2 - (9 + 4 + -8)))
62
What is the value of (-1 + 19 - 1) + 16?
33
What is (-1 - (0 - 3)) + 76 + -21 + -131?
-74
What is the value of 36 + -29 + -18 + (-4 - -2) - (-3 - -35)?
-45
What is -17 + 6 + 67 + 6 + 9 + (-6 - 10)?
55
Evaluate 121 - (((-6 - 4) + 6 - -2) + (158 - 153)).
118
What is (33 - (28 - -27) - -10) + -1 + 30?
17
What is (19 - 29 - 45) + -19 - -16 - -21?
-37
(-1 - -3) + 15 - (98 - 171 - -174)
-84
Calculate (-9 - -1 - -6) + -12 + 57.
43
7 + -16 + (8 - (5 + 9) - -6) + -46
-55
Evaluate (3 - (9 + 2 - 7)) + 34 + -8.
25
What is 85 - (100 + -117) - 141?
-39
Calculate 59 - ((-8 - -1) + 20).
46
Evaluate -527 + 539 + (-79 - (-5 + 5 + -6)).
-61
Calculate (-1 + (9 - 112) + -17 - -10) + -14.
-125
Evaluate (-10 + 2 - -20) + (38 - 40).
10
Calculate 150 - (-90 - -151 - -10).
79
What is the value of 1 + -11 + (-51 - (56 - 100)) + -5?
-22
-15 - (-17 - (-33 - -38)) - -3
10
Evaluate 21 + -36 + (-26 - -26) - -57.
42
Evaluate (135 - 24 - 86) + -153 + 2.
-126
What is -19 - (22 + 6 + -86 - -4)?
35
Calculate -179 + 153 + (-4 - -54).
24
Evaluate (-220 - -235) + -33 + (2 - 5) + -1.
-22
(17 - 6 - -11) + -1 - (-62 - -106)
-23
Evaluate -5 + -6 + 3 + 8 + (7 - 5) + 25.
27
-15 + 15 + -15 + 13 - (37 - (1 - 7))
-45
Evaluate -48 + 4 - (-14 - (-24 - (-39 - -15))).
-30
(19 - -14) + 15 + -14 + 32
66
(-43 + -16 - (-20 - 2)) + 2 + -4
-39
-4 - (-14 + 28) - (129 + -7 - 29)
-111
(2 - (-10 - -25)) + -5 + -2 + 2
-18
What is (1 - -46) + -1375 + 1324?
-4
Evaluate (-3 - 12 - (-4 + 7 + -10 + -4)) + 28.
24
What is (1 - -157) + 100 + (223 - 357)?
124
What is 667 + -695 + 0 + -12 + -4?
-44
What is the value of 18 + (1138 + -1168 - (1 + -8))?
-5
What is the value of 0 + 156 + -201 + -1 + 17?
-29
Calculate 14 - 14 - (-7 - 4) - (-17 + -3 + -1).
32
Calculate 12 + (-2 + 18 - (112 - 35)) - -3.
-46
-4 + 15 + (-7 - (-1 + 13 - -17))
-25
166 - (-43 + -13 + 45 + 40)
137
Evaluate 28 - (18 - (-21 + 36 + -9)).
16
What is the value of -21 + (0 - 4) - (323 - 339) - -76?
67
What is (-10 - (-21 + 8)) + (43 - 44) + (1 - -48)?
51
What is the value of -2 + 1 + (5 - 4) + 5 + (-39 - 76)?
-110
(1 + (65 - 2) - (74 - (-28 + 92))) + -2
52
-6 + (-25 - (-5 + -18))
-8
What is the value of -9 + (-5 - (75 - 122))?
33
What is the value of -2 + 2 + -2 + (4 - -12) + (2 - -2)?
18
87 + -25 + 15 - 53
24
Calculate -37 - (-2 - -2) - (1075 + -1098).
-14
Evaluate 85 + -106 + (9 - -14) + (-1 - -49).
50
What is the value of 2158 + -2082 + (-63 - -3)?
16
What is the value of -45 + 69 + -5 - (-6 + 3)?
22
-1 + (23 - 22) + (135 + -5 - 9 - -8)
129
-9 + 2 + 1 + -1 + -24 + 17 + 9
-5
(-7 + 2 - (-3 + -2 + 69 + -69)) + 9
9
Evaluate 15 + -8 + 27 + -13 + 47.
68
(1 + -6 - (-9 - -25)) + -13
-34
What is (2 - (3 + -2)) + (-3 - -6) + -5 + -44?
-45
What is 42 - (-28 - (-44 + 26)) - -10?
62
-64 - (46 + -17 + -73)
-20
Calculate -2 - -25 - 6 - (-159 + 173).
3
What is (-3 - (-4 + -2)) + 1 + -11 + -1?
-8
What is -7 + (27 - 92) - -45?
-27
Calculate (1 - -82) + -14 + (-2 - -62) + -37.
92
What is -44 - (-36 - -34) - -89?
47
-18 + (-14 - (-37 + -1) - (-5 + 6))
5
Calculate 57 - 0 - (-2 + -5 + 35).
29
-12 - ((53 - 65) + (129 - -2) - (-9 - -20))
-120
-8 + (-3 - (2 - 7)) + (-282 - -252)
-36
What is 71 + 1 + -52 - -48?
68
What is (-6 - (3 + (-8 - 9))) + (-129 - -16) + 13?
-92
-37 - -33 - (-3 - (-3 - -3)) - -30
29
What is -2 + 20 + -5675 + 5591?
-66
What is the value of 183 - 102 - (16 - 8 - 26)?
99
What is the value of 57 - (50 + (-1 - 26))?
34
Evaluate 13 + (-10 + 24 - 9) + -148 + 117.
-13
-3 - ((67 - 63) + -5 + -32 + 0)
30
4 + 3 + (3 - 5) + 1 + 170 + -136
40
Calculate (52 - 27) + 54 + -11.
68
(-10 - -3) + -5 - (34 - 58)
12
What is (-26 - -21 - 8) + 110 + (10 - 8 - -5)?
104
Calculate 100 - 11 - (-18 - -21).
86
Calculate (6 - 139) + (-374 - -479).
-28
-5 + -10 + 19 + (-17 - 3) + 10
-6
(3 + -7 - (8 - 28)) + -19 - -66
63
What is 33 - -4 - (-2 - (8 + 2) - (20 - 23))?
46
What is the value of (1 + (-2 - -16) + (7 - 16) - 51) + -10?
-55
-1508 + 1475 - (-13 - -1)
-21
-49 + (-16 - -42) + -13 + (3 - 0) + -1
-34
Calculate -16 + 1 + 6 + (-60 - 28) - 17.
-114
What is the value of -34 - (-26 + 41 + -20)?
-29
What is -16 + 66 + -31 - 35?
-16
What is the value of 91 - (105 - (56 + 22))?
64
Calculate 175 + -130 + (1 - 42).
4
-60 + 147 + -35 + 53
105
Calculate 1 + -14 + (22684 - 22643).
28
What is the value of 455 + -408 + (-1 - 6)?
40
What is the value of 12 + -31 + (20 + -22 - 0) + 5?
-16
What is 32 - (-1 + 6) - (-138 - -118)?
47
What is the value of -61 - (-9 - 111) - (20 + 2)?
37
-48 - 1 - ((59 - (-30 - -62)) + -34)
-42
Calculate -30 + 37 - 33 - -43.
17
What is 46 + (-40 - ((25 - 37) + -13))?
31
Calculate 17 + (42 + 22 - 51).
30
What is -62 + 35 + (2 + 4 - -2) + 9?
-10
Evaluate (0 + 5 - (-158 - -154) - 85) + -7.
-83
12 + (10 + -12 - (-2 + 4 + 1)) + -109
-102
What is the value of 48 + 62 - 56 - (-11 - 2)?
67
Evaluate -116 + 278 - 127 - 132.
-97
-31 + (49 - -11 - 9)
20
-4 + 5 + 105 + -16 + -47 + 17 + 41
101
1 + (17 - 29 - (-32 - -17))
4
What is -17 + (48 - -36) - 27?
40
Calculate -2 + -11 - (-95 - -86) - -12.
8
What is (3 - (0 - 0)) + (0 - -3) + -23 + 12?
-5
Evaluate 56 + (-25 - -4) + -51 + (-3 - 3).
-22
What is 28 + -128 + (-23 - -15 - (3 - 33))?
-78
What is the value of -40 + 20 + 0 + 106 + -364 + 358?
80
Calculate (-7 - -1) + (-38 - (-6 - 30)) + -12 + 111.
91
What is (0 - -51) + 1 + -30 - -57?
79
What is the value of (-76 - -139) + (-3 + -1 - 19)?
40
What is 41 + 2 + -18 + (-4 - (0 - -1))?
20
What is -27 + (21 - -33) + 16?
43
Evaluate (-10 + 70 - -32) + -156.
-64
71 + 61 + -110 - (39 - 1)
-16
Calculate (36 - (55 - 12) - -33) + 1 + 1 + -2.
26
What is 42 - (-516 + 515 - (5 + 1))?
49
Evaluate 16 - ((45 - (-23 + 58)) + -41).
47
Evaluate -55 + (22 - -21) - -19.
7
What is 18 + -13 + -29 + 22 + -7?
-9
(22 - ((4 - 3) + -3)) + (-549 - -560)
35
17 + -19 - (83 + -95 - (-21 - 2))
-13
Calculate (8 - 1 - 2 - 2) + (245 - 427 - -172).
-7
What is 0 - (22 + -2 + -8 + -13 + 47)?
-46
18 - (0 - (-8 + 14)) - (9 + (11 - 10))
14
What is the value of 7 + 61 + -25 - (9 - -101)?
-67
-1 + 3 + (-388 - -487 - 161)
-60
Evaluate 31 + (17 - (-7 + 19)).
36
What is the value of -25 + 14 - -19 - (-4 + 52 + -3)?
-37
What is the value of 64 - (18 - 52 - -78) - 81?
-61
What is the value of -8 - (7 + -12) - ((10 - 6) + -4 + -1)?
-2
49 + (21 - 3) - -14 - 17
64
Calculate (1 - 17) + (-42 - (-66 + 17)) - 17.
-26
Evaluate (-3 - 2 - (-4 - 5)) + 4 + -6.
2
Evaluate -46 - ((-2 - 73) + 45).
-16
What is -14 + -33 + (106 - 69)?
-10
What is (-5 + -77 - (1 + -3)) + 16 + 2?
-62
What is the value of (865 - 870) + (-75 - (-4 + (2 - 2)))?
-76
What is 10 + (69 + -177 - -59)?
-39
-55 + (24 - (-12 - 0))
-19
59 + (-13 - (68 - 24))
2
Evaluate 16 - (-42 + 36) - 6.
16
-42 - -123 - (7 + -1) - (-7 + -2 + 6)
78
-9 - -31 - (15 - (20 - 0) - -2)
25
Calculate 3 + 78 - (-730 + 710).
101
What is the value of 39 - 79 - -28 - 39?
-51
0 + -7 + 15 + -9 - (-128 + 140)
-13
10 - (-7 + 27) - -126 - (11 - 11)
116
What is (-17 - (-13 + 26 + -72)) + -2?
40
Evaluate 6 - 5 - 25 - (-123 + 114).
-15
Evaluate 290 + -62 + -210 + (-1 - -58) + -1.
74
Evaluate (24 - (94 + -68)) + -42 + (-3 - -5).
-42
What is -15 + (-1 - -9 - (18 + -7 - 10) - 112)?
-120
Evaluate -13 + (1 - 10 - (5 - 4) - 39).
-62
What is 592 + -603 + (6 - (8 - 4)) + (36